693 and q?
11
Let p(l) = -3*l + 2. Let g(m) = m - 1. Let a(s) = -2*g(s) - p(s). Let u be a(7). Let n = u + -6. What is the greatest common factor of 1 and n?
1
Suppose -7*w + 93 + 523 = 0. What is the greatest common factor of 16 and w?
8
Let b = 73 + -102. Let c = b + 62. Suppose 3*j + 4*k = c, 7 = 2*j - k - 15. What is the greatest common divisor of j and 33?
11
Let y be 2/3 - (-40)/30. Suppose 0*v = 3*v + 4*w + y, 4*w = -5*v + 10. Let x be 2 + 0 - v/(-3). What is the greatest common divisor of 36 and x?
4
Suppose 2*m = q + 114, -9*q + 8*q = 5*m - 278. What is the highest common divisor of m and 2?
2
Let o(z) = 5*z + 0*z + 54 - 50 - 3*z. Suppose -2 - 11 = -2*f + h, -4*f - 4*h = -20. Let x be o(f). What is the greatest common factor of 40 and x?
8
Let n be 36 - ((-6 - -9) + -6). What is the highest common factor of n and 221?
13
Let b(o) = o**3 + 14*o**2 + 2*o + 35. Let f be b(-14). What is the greatest common divisor of f and 4?
1
Let h(c) = -158*c - 138. Let u be h(-6). What is the greatest common factor of 108 and u?
54
Suppose -p + 123 = 3*m, -5*m - 2*p + 215 = 3*p. Suppose -m*a + 55 = -35*a. What is the greatest common factor of 66 and a?
11
Let z be 54/(-21)*(-196)/21. Suppose 15*u = 14*u + z. Calculate the greatest common factor of 168 and u.
24
Let h = -18 - -18. Suppose h = -2*u + 7 + 21. Calculate the greatest common divisor of u and 35.
7
Let q(f) = -41*f + 5. Let z be q(4). Let j = 224 + z. What is the greatest common divisor of j and 13?
13
Suppose -f + 12 - 2 = 0. Let z be (36/f)/(74/(-40) + 2). What is the greatest common divisor of 16 and z?
8
Let z be -2*1*14/(-4). Suppose 0*m + 4 = m. Suppose m*l - 7*l + 147 = 0. What is the highest common factor of l and z?
7
Suppose 0 = 5*l - 20, 120*l - 31 = -3*t + 116*l. What is the highest common factor of t and 295?
5
Suppose 2*q - 4 = 2. Let z(i) = i**2 + 17*i + 35. Let f be z(-15). Suppose 0 = f*y - 78 - 42. Calculate the highest common factor of q and y.
3
Let z be 4 + (15 - (1 + 2)). Suppose -180 = -21*m + z*m. What is the greatest common factor of m and 24?
12
Let u = 202 - 184. What is the highest common factor of u and 306?
18
Suppose -2*p - 20 = 2*p. Let g(v) = -v**2 - 8*v + 2. Let a be g(p). Let f = -16 + a. Calculate the highest common factor of f and 9.
1
Suppose 3*q = n + 2 + 12, 3*n = q - 10. Suppose q*p = 28 - 12. Suppose -20 = p*b, -4*x + b + 261 = -112. Calculate the greatest common factor of 23 and x.
23
Suppose -13 = 3*p + 2*u + 4, -7 = -2*p - 5*u. Let q be (-84)/p*(-9)/(-6). Let a be (-8)/28 - (-46)/q. Calculate the highest common factor of a and 3.
3
Let o = 142 + -25. What is the highest common divisor of o and 52?
13
Suppose 18 + 62 = 8*i. Calculate the highest common factor of i and 550.
10
Suppose v = 127 - 3. Let g be 8/(-20) - (64/(-10) + 2). Suppose 0 = -g*x + 76 + 48. Calculate the greatest common factor of v and x.
31
Suppose 24 = 7*u - 3*u. Suppose 18*k + 75 = 43*k. What is the highest common divisor of u and k?
3
Let o = 340 + -337. What is the greatest common divisor of o and 9?
3
Suppose l - 139 = 4. Calculate the greatest common factor of 65 and l.
13
Let t = -6 + 13. Suppose 5*g - 2*g + 72 = p, 3*g = -5*p + 306. What is the highest common factor of p and t?
7
Suppose 0 = 4*i - 12 - 4. Suppose i = -5*g + 14. Let x be (0 - g)/6*-27. Calculate the highest common factor of 1 and x.
1
Let m = 69 - -7. Suppose -4*q = -m - 84. Let t be 12/(9/(-3))*-5. Calculate the highest common divisor of q and t.
20
Suppose 3*r - 113 - 42 = -i, -5*i + 3*r = -865. Let k(g) = -g**3 + 7*g**2 - 7*g + 19. Let x be k(3). Calculate the greatest common divisor of x and i.
34
Suppose -o - 24 = 2*o - 3*q, -3*q = o + 8. Let k = 9 - o. Calculate the highest common divisor of k and 17.
17
Let v be 6/27 - 29/9. Let p = v - 19. Let l = 25 + p. What is the highest common divisor of 15 and l?
3
Suppose 6*j = 18 - 0. Suppose -j*p + 3 = -6. Suppose -r + 924 = p*r. Calculate the greatest common factor of 21 and r.
21
Let d(j) = 5*j**2 - 2*j + 5. Suppose 1 + 34 = -5*b. Let h be d(b). Calculate the highest common factor of 24 and h.
24
Let y(j) = 4*j**3 + 6*j**2 + 18. Let a(b) = -3*b**3 - 7*b**2 - 18. Let m(c) = -3*a(c) - 2*y(c). Let f be m(-9). What is the highest common divisor of 6 and f?
6
Let p = 15 + -9. Suppose 3*z - 9 = p. Let r = 16 - z. What is the greatest common factor of r and 1?
1
Let t = 523 - 222. Suppose -3*c + t = 7. Suppose 12*q - 56 = 8*q. Calculate the greatest common factor of q and c.
14
Let u = 39 - 32. Suppose u*c + 1008 = 11*c. Calculate the greatest common divisor of c and 28.
28
Let r be -6*(-1)/(-4) - (-603)/6. Let m = -57 + r. What is the highest common divisor of m and 28?
14
Let v = 3 + -6. Let u(r) = r**2 - 2 - 1 + r**2 + 0*r**2 + 2*r. Let x be u(v). Calculate the greatest common factor of x and 36.
9
Let o = 564 - 272. What is the greatest common divisor of o and 219?
73
Suppose 72 = -9*o + 207. Calculate the greatest common divisor of o and 80.
5
Suppose b - 6 = 1. Suppose -17 = r - b. Let a = 18 - r. Calculate the highest common factor of a and 4.
4
Suppose 8*u + 4*u - 2856 = 0. Let b be 3/(31/(-34) + 1). Calculate the highest common divisor of u and b.
34
Suppose 5*j - 148 = r, 4*j - 100 - 13 = -r. Suppose 3*o + f - 87 = 0, o - f - j = f. What is the highest common factor of o and 261?
29
Let w = 1569 - 1534. Calculate the greatest common divisor of w and 65.
5
Suppose a = 2*a + 5*m + 3, 5*m = 4*a - 13. Let r = a - -7. Let b = 1 + 35. What is the greatest common factor of b and r?
9
Let j be (-80)/(-3) - (-16)/(-24). Suppose -2*u + 77 + 79 = 0. Calculate the greatest common divisor of j and u.
26
Let t = 13 - -1. Suppose -4*i + 138 = -2*r, -4*r - 13 = 5*i - 192. Calculate the highest common divisor of i and t.
7
Let b(q) = -q - 6. Let p be b(-5). Let j be 51/p*(-11 - -8). Suppose m + 2*m = w + j, 5*m + w - 247 = 0. What is the highest common divisor of 75 and m?
25
Suppose -56 = 2*q - 3*v - 411, 5*v - 15 = 0. Calculate the greatest common factor of q and 104.
26
Let i(o) = 2*o - 4. Let r be i(3). Let p(g) = g - 3*g**2 + 4*g**2 + g + r. Let w be p(-2). What is the highest common factor of 2 and w?
2
Suppose 6*j = 390 - 66. What is the greatest common factor of 1026 and j?
54
Let a(h) = h**2 + 7*h - 12. Let t be a(7). Calculate the highest common factor of 129 and t.
43
Suppose 0 = -2*r - 0*r, -5*r - 75 = -5*f. Let d = 20 - 6. Let x = d + -8. What is the greatest common divisor of f and x?
3
Let a = 12 - 8. Let n be a/(-2) + 3 + 69. Suppose 0 = -t - 2*z + 60, -2*z - 2*z + n = t. Calculate the greatest common factor of t and 10.
10
Suppose -62 = -4*p - 6*n + 4*n, 0 = -4*p + 6*n + 102. Calculate the greatest common divisor of 621 and p.
9
Suppose -3 = -5*s + 4*s. Suppose -4*j + 16 = g, s*g - j - j - 20 = 0. Calculate the greatest common factor of 4 and g.
4
Suppose -41 = 4*f - 77. Let q(d) = -d**2 - 9*d + 2. Let r be q(-9). Let z be -1*(r + -1) + f. Calculate the highest common divisor of 8 and z.
8
Let m = -213 - -329. Suppose 2*j - 2*y - 37 = 27, -m = -4*j - 2*y. Let p be 340/(-51)*(2 - 5). Calculate the highest common factor of j and p.
10
Let b(k) = -2*k - 22. Let v be b(-11). Suppose -2*t + v*t = -12. Let i be 191 - t*2/6. What is the highest common divisor of 27 and i?
27
Suppose 0 = -g - 5 - 5. Let p(w) = 10*w**2 - 2*w**3 + w - 7*w - 6 - 6 + 3*w**3. Let z be p(g). What is the greatest common factor of z and 16?
16
Suppose z + 2*l - 17 = 0, 2*l = 6 - 2. Let o = -1 + z. Suppose -2*h + 5 + 3 = 0. What is the highest common divisor of o and h?
4
Suppose 2*n + 52 = 5*y, 75 = 5*y + 2*n + 27. Suppose -5*z + z + 16 = 0, -4*z = -i + 43. Suppose 21 = 4*x - i. Calculate the highest common factor of x and y.
10
Let o be (306/(-27))/(2/39). Let d = -151 - o. Let l = 25 - 15. Calculate the greatest common divisor of d and l.
10
Let i = 132 - 36. What is the greatest common factor of i and 3?
3
Suppose 3*x - 3*i = 2*i - 1, 5 = -4*x + 3*i. Let z be 2/(7 + x + -4). Calculate the greatest common factor of z and 10.
2
Let f = 43 + -38. Suppose 0*w = -x - w + 68, -2*x = f*w - 136. What is the greatest common divisor of x and 17?
17
Suppose 7*h + 12 = 11*h. Let l be ((-8)/6)/((-1)/h). Calculate the greatest common divisor of l and 44.
4
Let f = 1148 - 604. Calculate the